1a6 - 0?
-5471a6
In base 3, what is -111 + -1221011221012?
-1221011221200
In base 6, what is -14415002 + 242?
-14414320
In base 2, what is 111010000010111000111 - 100100011?
111010000010010100100
In base 2, what is -1001010001101110 + 1001?
-1001010001100101
In base 8, what is -2456506 + -5?
-2456513
In base 5, what is 222 - 22433333?
-22433111
In base 6, what is 14423100540 + 4?
14423100544
In base 7, what is -164250 + 52?
-164165
In base 3, what is -10010 - -211111100010?
211111020000
In base 13, what is -40 - a424?
-a464
In base 2, what is 1111 + -1000110000011001000010?
-1000110000011000110011
In base 4, what is -111223 + -1002311?
-1120200
In base 14, what is 2 - 7b5a6?
-7b5a4
In base 7, what is 16163151 - 31?
16163120
In base 8, what is 34555 + 47666?
104443
In base 14, what is -6c - 3684b?
-368b9
In base 9, what is 7381 + 3?
7384
In base 13, what is -133a938 - -11?
-133a927
In base 12, what is 16 - 20739a9?
-2073993
In base 3, what is 1 + 102220122002100?
102220122002101
In base 5, what is 1013 - 1214010030?
-1214004012
In base 3, what is -1121221210 - 20112122?
-1212111102
In base 4, what is 200022101 - -1120?
200023221
In base 7, what is 260131 - 14216?
242612
In base 4, what is -311201032 - 0?
-311201032
In base 11, what is 27276 - -139?
27404
In base 10, what is 0 + -27313108?
-27313108
In base 9, what is 14730 - 1123?
13606
In base 14, what is -2c5d04d - 5?
-2c5d054
In base 7, what is 6 - -24224505?
24224514
In base 5, what is -13020 + -332301?
-400321
In base 3, what is -1002110021221022 - -12?
-1002110021221010
In base 5, what is -112030301433 + 10?
-112030301423
In base 9, what is -3604636 - 7?
-3604644
In base 13, what is -1043 - a8842?
-a9885
In base 6, what is 5052 + -13515040?
-13505544
In base 15, what is 1cc8046 - -11?
1cc8057
In base 9, what is 15 + 171423?
171438
In base 12, what is 80537 + 72?
805a9
In base 6, what is -113201 + 20300?
-52501
In base 9, what is -406 + 226321?
225814
In base 10, what is 102870804 - -1?
102870805
In base 5, what is 101320 - -102243?
204113
In base 13, what is 25864b + -4?
258647
In base 6, what is 2 + 153045121?
153045123
In base 5, what is -10 - 31432043204?
-31432043214
In base 12, what is 5a123 - -199?
5a300
In base 11, what is 1398 - -56147?
57534
In base 13, what is 3c53110 - -a?
3c5311a
In base 8, what is 1247577 - -44?
1247643
In base 9, what is -108104 - -86?
-108007
In base 9, what is -2063128 + -50?
-2063178
In base 12, what is -52b + 12b3a?
1260b
In base 2, what is 101110 - -110100100100001011?
110100100100111001
In base 12, what is 98 - -85b87?
86063
In base 15, what is 362 - 7043?
-6bd1
In base 6, what is -20135 - -4550?
-11145
In base 10, what is 68 - -308996?
309064
In base 13, what is -1b12c89 + 2?
-1b12c87
In base 13, what is -67 + -282753?
-2827ba
In base 7, what is -2230 - 1624525?
-1630055
In base 9, what is -2237514858 - -2?
-2237514856
In base 14, what is 1d2 + 95543?
95735
In base 6, what is 3 + -212301354?
-212301351
In base 16, what is -18a2 + -28cb?
-416d
In base 8, what is -711603064 + -1?
-711603065
In base 12, what is 53194 - -762?
53936
In base 4, what is -13 + -1201120311021?
-1201120311100
In base 8, what is 122 - -5430447?
5430571
In base 16, what is -1644dae + -21?
-1644dcf
In base 4, what is 21031301 + 21?
21031322
In base 16, what is -45804 + -1e?
-45822
In base 10, what is -3 - 339707?
-339710
In base 10, what is -914 + 154366?
153452
In base 12, what is a53ab - 7?
a53a4
In base 6, what is -21 + 11142131?
11142110
In base 14, what is -3 + -17cd7a?
-17cd7d
In base 12, what is -27992a - -1a?
-279910
In base 2, what is 11111 + 1111110010101100011110?
1111110010101100111101
In base 11, what is -7a19469 - 18?
-7a19486
In base 5, what is 0 - 331230312?
-331230312
In base 10, what is 3956420374 - 0?
3956420374
In base 14, what is 87 - -51174?
5121b
In base 15, what is 2e39406 + -1?
2e39405
In base 10, what is -19129 - -8653?
-10476
In base 11, what is -1066 + 2163?
10a8
In base 6, what is -42321 + 20550?
-21331
In base 4, what is -20123 + -10012201010?
-10012221133
In base 15, what is -588 - 2416?
-299e
In base 6, what is -1 - -252321133?
252321132
In base 9, what is 10 - -88183428?
88183438
In base 7, what is 12 + -15444545?
-15444533
In base 10, what is 1276585 - 11?
1276574
In base 11, what is 6096 + -4336?
1860
In base 15, what is 119044 - -73?
1190b7
In base 3, what is -100220211020 - -1020?
-100220210000
In base 14, what is 4 + -1a6654b?
-1a66547
In base 9, what is -23 - 8423142?
-8423165
In base 8, what is -20 + 4657345?
4657325
In base 13, what is 5 - 97a572?
-97a56a
In base 6, what is -422333501 - -2?
-422333455
In base 16, what is 3f + -4f39?
-4efa
In base 15, what is e7d - a34?
449
In base 11, what is 4533a329 - 5?
4533a324
In base 14, what is -57 - 4d38a?
-4d403
In base 11, what is -21791313 + -2?
-21791315
In base 15, what is 1bd - -12db?
14a9
In base 2, what is 11001110101101111101 - -11?
11001110101110000000
In base 7, what is 10330365 - 201?
10330164
In base 9, what is 14712 - 561?
14141
In base 5, what is 103001400 + 124?
103002024
In base 5, what is 101322 - -203442?
310314
In base 16, what is 13 - -297ed?
29800
In base 14, what is 338 + -41872?
-41538
In base 3, what is -21101101120200 - 12?
-21101101120212
In base 10, what is -27839768 - -5?
-27839763
In base 3, what is 122 + 221210221100?
221210221222
In base 16, what is 23f870 - 7?
23f869
In base 8, what is 175 - -22445?
22642
In base 5, what is 23 - -22300123?
22300201
In base 15, what is a92 - -bc73?
c815
In base 7, what is 113040355 + -10?
113040345
In base 5, what is 10331 + -3112413?
-3102032
In base 8, what is -4266726043 + -4?
-4266726047
In base 6, what is -1110542420 + 0?
-1110542420
In base 13, what is -59a6862 - 2?
-59a6864
In base 14, what is -275d - -1426?
-1337
In base 12, what is 10145 + 2602?
12747
In base 15, what is -232 + ae30?
abed
In base 16, what is -1 + b6c101?
b6c100
In base 8, what is -1775334 + -2?
-1775336
In base 12, what is 29315 + 493?
297a8
In base 6, what is -245142 + 23141?
-222001
In base 9, what is -1865735 - -55?
-1865670
In base 12, what is -3 + -846a685b?
-846a6862
In base 12, what is 8620994 + 0?
8620994
In base 16, what is -5a8 - -1108?
b60
In base 14, what is 8a8236a + 5?
8a82371
In base 8, what is 0 + -13721301?
-13721301
In base 8, what is 15434 + 7652?
25306
In base 16, what is 2d - -1fd8?
2005
In base 14, what is 4d - 4c0ba?
-4c06b
In base 3, what is 1020020002121 - 10001?
1020012222120
In base 12, what is 5 + -6282a7?
-6282a2
In base 9, what is -22331 - -6552?
-14668
In base 13, what is -12347232 - -3?
-1234722c
In base 14, what is -249b + -2c7b?
-5338
In base 11, what is 1329 + 82328?
83656
In base 11, what is -48004729 + -3?
-48004731
In base 2, what is -1011101100101011100001 + -10?
-1011101100101011100011
In base 2, what is -1100001000 + 11000110011001?
10111010010001
In base 15, what is -2d6b + 4621?
17a5
In base 9, what is 716 + 34567?
35384
In base 9, what is 302 + 8233?
8535
In base 13, what is -119 - 11004?
-11120
In base 16, what is -5 - 51aeb2?
-51aeb7
In base 11, what is -43 + -13827?
-1386a
In base 15, what is 10d + 16d?
27b
In base 9, what is 136275 + -45?
136230
In base 9, what is 113554734 + -1?
113554733
In base 2, what is 1 - -11001010000101011110100?
11001010000101011110101
In base 9, what is -1652 + -37875?
-40637
In base 16, what is 6035 - 4dc?
5b59
In base 2, what is -1010000110001110 - -100010011101110?
-101110010100000
In base 6, what is 2025145522 + -5?
2025145513
In base 14, what is -1 + ac607?
ac606
In base 8, what is 4 - 21676730?
-21676724
In base 7, what is -3 - 25005404?
-25005410
In base 5, what is 1134 + 40104343?
40111032
In base 9, what is 2 - -24644663?
24644665
In base 14, what is 28 + -829a55?
-829a2b
In base 12, what is -20a + 2451?
2243
In base 8, what is 200314 + -321?
177773
In base 5, what is -20233142000 + -4?
-20233142004
In base 11, what is 6 + -224927?
-224921
In base 12, what is 2 - -29164b?
291651
In base 5, what is 441322 - -2031?
443403
In base 5, what is 2 + -131423033222?
-131423033220
In base 4, what is -3303 - 12233222?
-12303131
In base 3, what is 1210210121120121 - -1?
1210210121120122
In base 15, what is 341d04 + 7?
341d0b
In base 11, what is -4698a892 - -5?
-4698a888
In base 15, w